. Calculate the highest common factor of 28 and l.
4
Suppose -3*c + 2 + 13 = 0. Suppose c*b - 3*b = -2, -2*p + 5*b + 135 = 0. What is the highest common factor of 13 and p?
13
Let k(t) = t - 32 + t**2 + 32. Let u be k(11). What is the highest common divisor of 12 and u?
12
Suppose 64*g = 59*g + 25. Let i(s) = s**2 + s + 35. Let z be i(0). What is the greatest common divisor of g and z?
5
Let k(r) = 2*r - 2. Let i be k(2). Let f(w) = 9*w - 3. Let v be f(i). Let n = 42 - 27. What is the highest common factor of v and n?
15
Let v = -14 + 27. Suppose -397 = 4*d - 1973. Let g be (-2)/3 + d/6. Calculate the highest common factor of g and v.
13
Suppose 2*v = 4*o + 1 - 5, 2*o - 2 = -v. Let a = 0 + o. Suppose 0 = -5*l + 9 + a. What is the highest common divisor of 2 and l?
2
Let u = -5 + 10. Suppose -5*n + 4 + 35 = p, u*n - p - 41 = 0. What is the highest common divisor of n and 8?
8
Suppose 3*d + 14 = 2*w - 3, 0 = -2*w - 4*d + 24. Let v = -1 + 26. Calculate the highest common divisor of v and w.
5
Let a be ((-28)/21)/(2/(-48)). Calculate the greatest common divisor of a and 16.
16
Let m(z) = 8*z**3 - z**2 + z - 1. Let i be m(1). Suppose -172*h + 190*h - 252 = 0. Calculate the greatest common factor of i and h.
7
Suppose -18 = -3*w + 3*d, -w = 2*d - 0*d - 3. Suppose 5*k + 4*s = 216, -180 = -w*k + s + 4*s. Calculate the greatest common divisor of 5 and k.
5
Let i(v) = -7*v - 11. Let w be i(-5). What is the greatest common divisor of w and 8?
8
Let q(b) = 5*b - 16. Let j be q(6). Suppose s = j - 4. Calculate the greatest common factor of s and 25.
5
Let m(x) = -4*x**3 - x**2. Let q be m(-2). Let f(v) = 2*v**2 + 6*v + 6. Let s be f(-6). What is the highest common factor of s and q?
14
Let c = 10 + -19. Let n(j) = -j - 6. Let d be n(0). Let x = d - c. What is the highest common factor of x and 9?
3
Let l = -15 + 51. Let o = l + -12. What is the greatest common factor of o and 3?
3
Suppose -688 = -2*d - 0*d. Calculate the highest common factor of 43 and d.
43
Suppose 2*l - 2 = 4*y, -2 = 5*y - 4*l + 8. Suppose -4 = -y*x - 2*x. What is the greatest common divisor of 7 and x?
1
Suppose -5*y = -8*y. Suppose -4*d + 4*v + 18 + 2 = y, 7 = 2*d - v. Calculate the highest common divisor of d and 22.
2
Let m(z) = -3*z - 415. Let k(x) = -2*x - 207. Let p(g) = 5*k(g) - 3*m(g). Let c be p(0). Suppose -c = -2*r - r. What is the highest common divisor of r and 28?
14
Let r(s) = -s**2 - 9*s - 8. Let y be r(-6). Let n = 12 - y. What is the greatest common factor of 4 and n?
2
Suppose -2*o + 4*c + 17 = 9*c, 23 = 4*o - c. Suppose f + 0*f - o = 0. Calculate the greatest common factor of f and 2.
2
Let a = 25 + 43. Calculate the greatest common divisor of a and 17.
17
Suppose 19*l - 15*l - 16 = 0. What is the highest common divisor of 12 and l?
4
Let b(v) be the second derivative of v**5/20 - v**4/6 - 5*v**3/6 + v**2 + 7*v. Let p be b(4). What is the greatest common divisor of p and 28?
14
Let r = -6 + 7. Suppose 17 = f + r. Calculate the highest common divisor of f and 2.
2
Suppose 4*b + 117 - 314 = 3*t, 0 = 2*b + 4*t - 104. Let k(r) = 4*r. Let f be k(5). Suppose 5 = 5*o - f. What is the highest common factor of b and o?
5
Let y(n) = -9*n - 27. Let k be y(-8). Calculate the highest common divisor of 5 and k.
5
Let y be ((-9)/3)/3*0. Let d = 5 - y. Suppose 4*q = -2*f - 2*f + 36, -f + 37 = d*q. Calculate the highest common factor of 35 and q.
7
Let r be (-3)/(4/(128/(-12))). What is the greatest common factor of 1 and r?
1
Let z(r) = -r**2 - 3*r - 2. Let v be z(-3). Let d be 2/(v + 108/51). Calculate the highest common factor of 17 and d.
17
Let j = 11 + 11. Let w be 54*(3 + 12/18). Calculate the highest common divisor of j and w.
22
Let d = -56 + 116. Let x = 11 + -6. Suppose c = x*c - d. What is the highest common factor of 15 and c?
15
Let c be -9 - (-2 + 1 + -2). Let z be (-867)/c - (-7)/(-14). Calculate the highest common divisor of 16 and z.
16
Let f = 17 + -12. Suppose -3*w - 2*w - 2*u + 258 = 0, 2*w - 3*u = 88. What is the highest common divisor of f and w?
5
Let i be (-214)/(-14) - -5*2/(-35). What is the greatest common divisor of i and 60?
15
Let v = 205 - 115. Let c = -23 - -33. What is the highest common factor of c and v?
10
Let w(x) = -2*x + 2. Let v be w(-7). Let m(t) = -t**3 - 7*t**2 - 8*t + 8. Let p be m(-7). Calculate the greatest common factor of v and p.
16
Let r be (-4)/(-10) - (-2898)/30. Suppose 4*c + 398 = -m, -5*c + r = -6*c + m. Let k = c + 147. Calculate the highest common factor of 6 and k.
6
Let x(j) = -2*j**2 - 12*j + 3. Let f be x(-6). What is the greatest common divisor of f and 24?
3
Let k be -3 + 38/(-2)*-1. Suppose -4*v - u + 4*u + 18 = 0, 0 = -4*v + 4*u + k. Suppose -i = -v - 6. What is the greatest common factor of 132 and i?
12
Suppose 3*m - 7*m + 315 = 5*w, -75 = -m - 5*w. Let b = 13 - 5. What is the greatest common divisor of m and b?
8
Let q = -1 + 3. Suppose -q*i = -3*i + 6. Suppose -2*o - 2*v + i = 0, 2*o - v = -3*o + 45. What is the highest common factor of 40 and o?
8
Suppose -10*v + 180 = -7*v. Calculate the greatest common factor of 15 and v.
15
Let t = 73 + -64. Suppose r - 2*v = v + 114, -5*r + 485 = 2*v. Suppose 2*n - 7*y - 198 = -3*y, 0 = -n - 2*y + r. What is the greatest common divisor of t and n?
9
Suppose -2*d = -d + 142. Let q = -100 - d. Suppose 2*v - 172 = -q. Calculate the highest common divisor of v and 13.
13
Let h be 15 - (4/(-2) - (3 + -2)). What is the greatest common divisor of h and 72?
18
Let h(u) = 2*u**3 + 6*u**2 + 5*u + 7. Let b be h(-2). Let z = 0 + 0. Suppose 2*m - 40 = -z*m. What is the greatest common factor of m and b?
5
Let b(s) = -22*s - 1. Let q be 8/10 - 1/(-5). Let r be q - (2 + 0/2). Let j be b(r). What is the greatest common divisor of j and 14?
7
Suppose -2*g - 3 + 1 = 4*c, 0 = 4*g + 20. Let s = 3 - c. Let h be (-4)/(-2) - -2*s. Calculate the greatest common divisor of 8 and h.
4
Let d be 21/4*(-72)/(-27). What is the greatest common divisor of d and 364?
14
Let o(b) = -b**2 - 21*b - 46. Let v be o(-15). What is the highest common factor of v and 66?
22
Let x(a) = a - 2. Let q be x(0). Let m be (1 - -1)/(q/(-77)). What is the highest common divisor of 7 and m?
7
Suppose 2*h + 3*g = 22, 3*h + 4*g = 2*h + 6. Calculate the greatest common factor of 126 and h.
14
Let s be 1/8*(31 + -23). Calculate the highest common divisor of 4 and s.
1
Let f(l) = -13*l - 25. Let t(u) = -9*u - 17. Let s(h) = 5*f(h) - 7*t(h). Let j be s(-9). Calculate the highest common divisor of 36 and j.
12
Let j = -58 + 83. What is the highest common factor of j and 175?
25
Let t(g) = g**3 - 10*g**2 + 6*g - 29. Let z be t(10). Calculate the highest common divisor of 217 and z.
31
Let i be 13 + 4*(-5)/(-10). Suppose -3*s - 20 = -5*s. What is the greatest common divisor of i and s?
5
Suppose -5*l - 4*n + 1645 = 0, -5*l - 2*n + 1645 = -4*n. Let c = -67 + l. Let u = c + -152. Calculate the greatest common divisor of u and 10.
10
Suppose 2*t = -2*i + 38, 0 = -3*i + 2*t + 2*t + 50. Calculate the greatest common factor of 18 and i.
18
Let y(p) = -p + 1. Let g be y(-3). Let h be 6/(-21) + (-74)/(-14). Suppose -16 - 14 = -h*c. What is the highest common divisor of c and g?
2
Let o be (11/(-2))/((-3)/138). Let w be ((-2)/4)/(1/(-6)). Let h be (-94)/(-4) + w/(-6). What is the greatest common factor of h and o?
23
Let l be (-1140)/(-27) + 4/(-18). Suppose -429*y = -427*y - 56. Calculate the highest common factor of l and y.
14
Let i = 130 + -42. Let d = i + -16. What is the greatest common divisor of 24 and d?
24
Let s(b) = -b**3 + 10*b**2 - 9*b - 6. Suppose -4*k + 33 = -3. Let l be s(k). Let x be (140/l)/((-1)/3). What is the greatest common divisor of x and 28?
14
Let u be 2/5 + 13/5. Suppose u*t - 18 = -0*t. Let m be -52*(-4 - t/(-2)). Calculate the highest common factor of 13 and m.
13
Suppose 0 = 8*o - 4*o - 3*z - 69, 3*z + 54 = 3*o. Calculate the highest common factor of 120 and o.
15
Suppose 18 = n - 38. Calculate the highest common factor of 42 and n.
14
Let v(f) = -f + 5. Let a be v(-6). Let r be (-2)/4*-10 + -1. Let p be -1 - 3/((-6)/r). Calculate the highest common factor of a and p.
1
Suppose 4*o - 2*o - 70 = 0. Suppose -r = 4*f - 177, -o = -2*f - r + 52. Calculate the highest common factor of 5 and f.
5
Suppose -1 - 1 = -t. 